{"id":1293,"date":"2016-08-03T09:44:22","date_gmt":"2016-08-03T09:44:22","guid":{"rendered":"http:\/\/impreza7.us-themes.com\/?page_id=1293"},"modified":"2022-03-08T20:41:38","modified_gmt":"2022-03-08T23:41:38","slug":"empresa","status":"publish","type":"page","link":"https:\/\/sblretificadecabecotes.com\/site\/empresa\/","title":{"rendered":"Empresa"},"content":{"rendered":"<section class=\"l-section wpb_row height_auto\"><div class=\"l-section-h i-cf\"><div class=\"g-cols vc_row via_flex valign_top type_default\"><div class=\"vc_col-sm-4 wpb_column vc_column_container \"><div class=\"vc_column-inner us_custom_de366d1c us_animate_this\"><div class=\"wpb_wrapper\"><div class=\"w-separator size_large\"><\/div><div class=\"wpb_text_column\"><div class=\"wpb_wrapper\"><h1>Empresa<\/h1>\n<p>A <strong>SBL Ret\u00edfica de Cabe\u00e7otes<\/strong> atua com <strong>ret\u00edfica de cabe\u00e7otes de motor diesel<\/strong> h\u00e1 61 anos.<\/p>\n<p>Trabalhamos com maquin\u00e1rios sempre modernos, materiais de linha de montagem e m\u00e3o de obra especializada.<\/p>\n<p>Buscamos nos atualizar constantemente para garantir que a qualidade dos nossos servi\u00e7os esteja sempre dentro dos padr\u00f5es recomendados pelas montadoras de caminh\u00f5es, tratores, \u00f4nibus e outros ve\u00edculos com motor diesel.<\/p>\n<p>A compet\u00eancia e a experi\u00eancia adquirida em muitos anos de atua\u00e7\u00e3o com ret\u00edfica de cabe\u00e7otes, nos permite oferecer ao cliente qualidade, durabilidade superior e a certeza de ser atendido com agilidade, disposi\u00e7\u00e3o, cuidado e honestidade.<\/p>\n<\/div><\/div><div class=\"w-separator size_large\"><\/div><\/div><\/div><\/div><div class=\"vc_col-sm-1 wpb_column vc_column_container \"><div class=\"vc_column-inner us_custom_8f2ba1f4 us_animate_this\"><div class=\"wpb_wrapper\"><\/div><\/div><\/div><div class=\"vc_col-sm-7 wpb_column vc_column_container  has_bg_color stretched\"><div class=\"vc_column-inner us_custom_5931813a us_animate_this\"><div class=\"wpb_wrapper\"><div class=\"w-separator size_custom\" style=\"height:30vmax\"><\/div><\/div><\/div><\/div><\/div><\/div><\/section><section class=\"l-section wpb_row height_auto width_full\"><div class=\"l-section-h i-cf\"><div class=\"g-cols vc_row via_flex valign_top type_default\"><div class=\"vc_col-sm-12 wpb_column vc_column_container \"><div class=\"vc_column-inner us_custom_60e9caca us_animate_this\"><div class=\"wpb_wrapper\"><section class=\"l-section wpb_row height_medium\"><div class=\"l-section-h i-cf\"><div class=\"g-cols vc_row via_flex valign_top type_default\"><div class=\"vc_col-sm-12 wpb_column vc_column_container us_animate_afb\"><div class=\"vc_column-inner\"><div class=\"wpb_wrapper\"><div class=\"wpb_text_column\"><div class=\"wpb_wrapper\"><h2>Precisa de mais informa\u00e7\u00f5es?<\/h2>\n<\/div><\/div><\/div><\/div><\/div><\/div><\/div><\/section><section class=\"l-section wpb_row height_medium color_alternate\"><div class=\"l-section-h i-cf\"><div class=\"g-cols vc_row via_flex valign_top type_default\"><div class=\"vc_col-sm-4 wpb_column vc_column_container\"><div class=\"vc_column-inner\"><div class=\"wpb_wrapper\"><div class=\"wpb_text_column us_custom_f3e81ad8 us_animate_this\"><div class=\"wpb_wrapper\"><h4><a href=\"mailto:sac@sblretificadecabecotes.com.br\">sac@sblretificadecabecotes.com.br<\/a><\/h4>\n<\/div><\/div><\/div><\/div><\/div><div class=\"vc_col-sm-8 wpb_column vc_column_container\"><div class=\"vc_column-inner\"><div class=\"wpb_wrapper\"><div class=\"wpb_text_column us_custom_8323c574 us_animate_this\"><div class=\"wpb_wrapper\"><p>Entre em contato conosco para obter mais detalhes sobre <strong>retifica\u00e7\u00f5es de cabe\u00e7otes<\/strong>.<\/p>\n<\/div><\/div><\/div><\/div><\/div><\/div><\/div><\/section>\n<\/div><\/div><\/div><\/div><\/div><\/section>\n","protected":false},"excerpt":{"rendered":"Empresa A SBL Ret\u00edfica de Cabe\u00e7otes atua com ret\u00edfica de cabe\u00e7otes de motor diesel h\u00e1 61 anos. Trabalhamos com maquin\u00e1rios sempre modernos, materiais de linha de montagem e m\u00e3o de obra especializada. Buscamos nos atualizar constantemente para garantir que a qualidade dos nossos servi\u00e7os esteja sempre dentro dos padr\u00f5es recomendados pelas montadoras de caminh\u00f5es, tratores,...","protected":false},"author":1,"featured_media":0,"parent":0,"menu_order":0,"comment_status":"closed","ping_status":"closed","template":"","meta":{"footnotes":""},"class_list":["post-1293","page","type-page","status-publish","hentry"],"_links":{"self":[{"href":"https:\/\/sblretificadecabecotes.com\/site\/wp-json\/wp\/v2\/pages\/1293","targetHints":{"allow":["GET"]}}],"collection":[{"href":"https:\/\/sblretificadecabecotes.com\/site\/wp-json\/wp\/v2\/pages"}],"about":[{"href":"https:\/\/sblretificadecabecotes.com\/site\/wp-json\/wp\/v2\/types\/page"}],"author":[{"embeddable":true,"href":"https:\/\/sblretificadecabecotes.com\/site\/wp-json\/wp\/v2\/users\/1"}],"replies":[{"embeddable":true,"href":"https:\/\/sblretificadecabecotes.com\/site\/wp-json\/wp\/v2\/comments?post=1293"}],"version-history":[{"count":4,"href":"https:\/\/sblretificadecabecotes.com\/site\/wp-json\/wp\/v2\/pages\/1293\/revisions"}],"predecessor-version":[{"id":3853,"href":"https:\/\/sblretificadecabecotes.com\/site\/wp-json\/wp\/v2\/pages\/1293\/revisions\/3853"}],"wp:attachment":[{"href":"https:\/\/sblretificadecabecotes.com\/site\/wp-json\/wp\/v2\/media?parent=1293"}],"curies":[{"name":"wp","href":"https:\/\/api.w.org\/{rel}","templated":true}]}}